nits digit of 63851798?
8
What is the units digit of 15581915?
5
What is the millions digit of 775965592?
5
What is the hundred thousands digit of 2704844425?
8
What is the units digit of 300696117?
7
What is the hundred millions digit of 1174666802?
1
What is the hundreds digit of 683640712?
7
What is the hundred thousands digit of 50140947?
1
What is the ten thousands digit of 1142640289?
4
What is the ten millions digit of 63601462?
6
What is the hundred millions digit of 213468606?
2
What is the hundred millions digit of 1981178407?
9
What is the units digit of 2207919823?
3
What is the ten thousands digit of 405162633?
6
What is the thousands digit of 50942408?
2
What is the hundreds digit of 16365825?
8
What is the thousands digit of 7875160065?
0
What is the hundreds digit of 2998079?
0
What is the ten millions digit of 2710411615?
1
What is the millions digit of 82120931?
2
What is the hundred thousands digit of 42474007?
4
What is the units digit of 1450140063?
3
What is the billions digit of 4903875842?
4
What is the tens digit of 55374673?
7
What is the hundred thousands digit of 78574547?
5
What is the tens digit of 99001131?
3
What is the thousands digit of 56741829?
1
What is the ten thousands digit of 143141146?
4
What is the units digit of 188213569?
9
What is the hundred thousands digit of 30616660?
6
What is the hundreds digit of 98955400?
4
What is the units digit of 596698151?
1
What is the thousands digit of 29199545?
9
What is the millions digit of 503779376?
3
What is the tens digit of 4411958332?
3
What is the tens digit of 20911055?
5
What is the hundreds digit of 38123088?
0
What is the hundred thousands digit of 32453124?
4
What is the tens digit of 211979?
7
What is the hundred thousands digit of 357972289?
9
What is the thousands digit of 188318156?
8
What is the tens digit of 3097442602?
0
What is the ten millions digit of 120505475?
2
What is the hundred thousands digit of 113505696?
5
What is the tens digit of 710338356?
5
What is the hundreds digit of 652435364?
3
What is the ten thousands digit of 55228463?
2
What is the millions digit of 110396862?
0
What is the tens digit of 61853783?
8
What is the tens digit of 86949863?
6
What is the hundred thousands digit of 834126069?
1
What is the ten thousands digit of 710655908?
5
What is the ten millions digit of 328339070?
2
What is the millions digit of 2755751272?
5
What is the hundreds digit of 3559878275?
2
What is the ten thousands digit of 687513636?
1
What is the units digit of 3220347431?
1
What is the thousands digit of 733530926?
0
What is the ten millions digit of 32806747?
3
What is the hundred thousands digit of 314049896?
0
What is the thousands digit of 83621942?
1
What is the tens digit of 245236902?
0
What is the units digit of 116869174?
4
What is the ten thousands digit of 483468616?
6
What is the hundreds digit of 356888140?
1
What is the ten millions digit of 36709755?
3
What is the hundred thousands digit of 119683039?
6
What is the ten millions digit of 1240143490?
4
What is the millions digit of 111475713?
1
What is the hundred thousands digit of 214328672?
3
What is the thousands digit of 600974982?
4
What is the thousands digit of 448261350?
1
What is the millions digit of 55172141?
5
What is the hundred thousands digit of 157731542?
7
What is the millions digit of 304700331?
4
What is the thousands digit of 3813343555?
3
What is the hundreds digit of 1293548683?
6
What is the units digit of 16412434?
4
What is the thousands digit of 6152219?
2
What is the billions digit of 8642136657?
8
What is the units digit of 78925251?
1
What is the tens digit of 32718982?
8
What is the units digit of 22684173?
3
What is the units digit of 33968702?
2
What is the ten thousands digit of 4977160?
7
What is the ten thousands digit of 80319999?
1
What is the ten thousands digit of 2367184687?
8
What is the tens digit of 1611874671?
7
What is the millions digit of 595655738?
5
What is the units digit of 22308283?
3
What is the ten thousands digit of 3461479257?
7
What is the ten thousands digit of 249390666?
9
What is the hundred thousands digit of 2374359222?
3
What is the billions digit of 1544090767?
1
What is the hundred thousands digit of 1687076614?
0
What is the tens digit of 7919480699?
9
What is the hundred thousands digit of 259730504?
7
What is the millions digit of 446267376?
6
What is the millions digit of 21239021?
1
What is the millions digit of 330755686?
0
What is the units digit of 36903967?
7
What is the units digit of 190860801?
1
What is the ten millions digit of 359915515?
5
What is the hundred millions digit of 106334119?
1
What is the ten thousands digit of 1221839992?
3
What is the hundred millions digit of 223257439?
2
What is the ten thousands digit of 616108917?
0
What is the tens digit of 10113455?
5
What is the hundreds digit of 24482178?
1
What is the thousands digit of 5922546545?
6
What is the hundred thousands digit of 89391908?
3
What is the thousands digit of 3025102588?
2
What is the units digit of 11516808?
8
What is the thousands digit of 18873677?
3
What is the ten millions digit of 1082516321?
8
What is the tens digit of 105297642?
4
What is the tens digit of 164729189?
8
What is the units digit of 173257734?
4
What is the hundred thousands digit of 252502921?
5
What is the hundreds digit of 6023413580?
5
What is the hundred thousands digit of 786175398?
1
What is the tens digit of 5222289?
8
What is the hundreds digit of 957857344?
3
What is the millions digit of 299501074?
9
What is the hundred thousands digit of 305129330?
1
What is the hundred thousands digit of 101990875?
9
What is the hundred thousands digit of 190306805?
3
What is the hundred millions digit of 374413624?
3
What is the millions digit of 703547294?
3
What is the hundred millions digit of 218687821?
2
What is the thousands digit of 925303705?
3
What is the units digit of 1148263296?
6
What is the tens digit of 12991835?
3
What is the hundred millions digit of 1423076902?
4
What is the hundred millions digit of 608945885?
6
What is the millions digit of 166126431?
6
What is the tens digit of 227204351?
5
What is the hundreds digit of 250445089?
0
What is the hundred millions digit of 502328012?
5
What is the ten thousands digit of 74885770?
8
What is the hundred millions digit of 119911730?
1
What is the hundred millions digit of 680048007?
6
What is the units digit of 2508292448?
8
What is the hundred millions digit of 567736940?
5
What is the units digit of 107040545?
5
What is the millions digit of 2579297648?
9
What is the billions digit of 1874301140?
1
What is the ten millions digit of 107781492?
0
What is the tens digit of 6914673613?
1
What is the hundreds digit of 331600412?
4
What is the millions digit of 127510357?
7
What is the hundred millions digit of 1027027071?
0
What is the thousands digit of 3129700953?
0
What is the hundreds digit of 154031007?
0
What is the tens digit of 197273328?
2
What is the hundreds digit of 343061290?
2
What is the ten thousands digit of 75204810?
0
What is the tens digit of 49413455?
5
What is the hundreds digit of 76288?
2
What is the hundreds digit of 306419076?
0
What is the hundred thousands digit of 618692079?
6
What is the ten thousands digit of 78768177?
6
What is the thousands digit of 159897858?
7
What is the ten millions digit of 5339210503?
3
What is the thousands digit of 248403575?
3
What is the ten thousands digit of 2705693181?
9
What is the hundreds digit of 1266994214?
2
What is the units digit of 177625057?
7
What is the millions digit of 123019828?
3
What is the thousands digit of 150485829?
5
What is the hundred millions digit of 182126890?
1
What is the thousands digit of 348214617?
4
What is the hundreds digit of 210800739?
7
What is the hundreds digit of 947939609?
6
What is the ten millions digit of 1118111854?
1
What is the ten millions digit of 616108082?
1
What is the units digit of 2026272452?
2
What is the thousands digit of 50365444?
5
What is the units digit of 200619425?
5
What is the hundred millions digit of 2422668621?
4
What is the thousands digit of 275849313?
9
What is the hundred millions digit of 614286552?
6
What is the thousands digit of 16544186?
4
What is